rime factors of u(-35)?
2, 3, 1123
Suppose -4*j = p - 10459 + 303, -5*p + 50792 = 22*j. What are the prime factors of p?
2, 17, 149
What are the prime factors of 794*(-1)/(-1)*(-27)/(-18)?
3, 397
Let c = -114 - -118. Suppose 4*w - 741 = 3*g, 5*w - 9*w + 744 = -c*g. List the prime factors of w.
3, 61
Let j = 102594 - 61681. What are the prime factors of j?
163, 251
Let i = -55 - -61. Let y(p) = -4*p + 24. Let j be y(i). Suppose 4*z - a - 22 - 35 = j, z = 2*a + 23. What are the prime factors of z?
13
Let z(c) = 162*c**3 - c**2 + 3*c + 95. What are the prime factors of z(7)?
55633
Let l be (2/5)/((-13)/325). Let f be 4/l - 108420/(-50). List the prime factors of f/60 - 2/15.
2, 3
Let u(w) = -8*w**3 + 15*w**2 + 132*w + 6. What are the prime factors of u(-9)?
3, 5, 17, 23
Let c(l) be the second derivative of l**4/12 + 3*l**3/2 + 17*l**2 + 20*l. Suppose 10 = -3*h + o - 6, -46 = 3*h + 5*o. What are the prime factors of c(h)?
2, 5
Suppose 7*l = 2*l - 5*r - 8065, 4*l + r = -6446. Let w = 3192 + l. What are the prime factors of w?
3, 17, 31
Let s = 15 - -8. Let d = 23 - s. Suppose d = 6*y - 75 - 51. What are the prime factors of y?
3, 7
Let m be (-6)/(-21) - (108/84 - 4). Let a(r) = 14*r**2 - 7 + r - 8*r**2 + 20*r**2. What are the prime factors of a(m)?
2, 5, 23
Let q be -7 + (-2)/4*-1526. Suppose 2*u - q = u. What are the prime factors of u?
2, 3, 7
Let n(v) = -25*v - 21. Let h = -32 - -42. Suppose -a = -d + 5, -a - 5*d - h = a. What are the prime factors of n(a)?
2, 13
Let g = -81 + -239. Let n = g - -729. What are the prime factors of n?
409
Suppose i + 75 = 6*i. Suppose -83*x - i = -78*x. Let b(f) = -79*f - 15. List the prime factors of b(x).
2, 3, 37
Suppose -270852 = -49*n + 779659. List the prime factors of n.
11, 1949
Let d = 133 + -111. Let j be d/(-4)*1188/(-18). Let f = j - 95. What are the prime factors of f?
2, 67
Let s be 282 - 6/(-2 - -4). List the prime factors of (s/(-62))/(3/(-136)).
2, 3, 17
Let c be 1 + -639 - (-64 + 66). Let h = -409 - c. What are the prime factors of h?
3, 7, 11
Let n = -55 - -79. List the prime factors of n*((-477)/4)/(-9).
2, 3, 53
What are the prime factors of 9/(-1) + (0 + 3579 - 3)?
3, 29, 41
Let p(v) = v**3 - 11*v**2 + 9*v + 10. Let w be p(10). Suppose 0*u + 7*u - 14 = w. List the prime factors of 1/((-2)/u) + 47.
2, 23
Suppose -4*v = -180*d + 175*d + 45365, 3*d + 4*v - 27219 = 0. List the prime factors of d.
43, 211
Suppose 0*w + 2*w = 598. Let m = 954 - 1162. Let j = w + m. List the prime factors of j.
7, 13
Let q = -408 - -412. Suppose 3*j - 2103 = -3*n, -5*n + 7*n - 1390 = q*j. What are the prime factors of n?
3, 233
Suppose 92 - 4 = 3*s + 2*l, -172 = -5*s + 3*l. Let y be 12/(-20) - (-1188)/5. Let h = y - s. What are the prime factors of h?
5, 41
Let d be 2*((-8)/(-20))/((-8)/10). Let h(f) = -237*f**3 + f**2 + 2*f + 1. What are the prime factors of h(d)?
3, 79
Suppose 4*n - 513 = -2*f - 2623, -3*f = 5*n + 2639. Let g = n + 1060. List the prime factors of g.
2, 3, 89
Let o be (-498)/5*(639/(-18) - 7). Suppose 0 = 20*v - o - 2087. What are the prime factors of v?
2, 79
Suppose 2*t = -8, 66*t + 77278 = 6*c + 65*t. List the prime factors of c.
3, 53
Suppose -7*k - 125 - 64 = 0. Let b = k + 252. What are the prime factors of b?
3, 5
Let c(v) = -v + 14. Let w be c(7). List the prime factors of (-14)/(-49) + 404/w.
2, 29
Let u = 265 + -262. Suppose -u*g - g = 2*v - 756, -g - 1127 = -3*v. List the prime factors of v.
2, 47
Let n(p) = 6*p**2 + 136*p - 792. List the prime factors of n(-48).
2, 3, 271
Suppose 0 = 2*b + y - 8, -5*y + 2*y + 14 = b. What are the prime factors of 887/b + 20/40?
2, 3, 37
Suppose -5*k + 34 = -5*w - 36, 4*w - 7 = -3*k. Suppose -5*d + k*d - 10 = -m, -m + 2 = 2*d. Let v = 8 - m. What are the prime factors of v?
2, 7
Let d be (-2)/11 - 24/(-44)*4. Suppose 5*b - q = d*q + 1349, -265 = -b + 3*q. What are the prime factors of b?
271
Let w be ((-46)/(2 + -3))/((-26)/(-403)). Suppose 0 = 3*p + 2*p + 2*o - 708, 0 = 5*p - 3*o - w. List the prime factors of p.
2, 71
Let y(w) = -w**3 - 24*w**2 - 25*w - 43. Let q be y(-23). Let v(o) = 16*o**2 + 8*o + 1. What are the prime factors of v(q)?
13
Let k(z) = -z**3 - 6*z**2 - 9*z - 4. Let r(t) = t**2 - 11*t + 9. Let q be r(9). Let o(l) = 3*l + 20. Let d be o(q). List the prime factors of k(d).
2, 3
Let g(y) = 2 + 36 - 15 - 4*y + 23. Suppose -38 = -5*l - 13. What are the prime factors of g(l)?
2, 13
Let u = 82 - -9. Suppose -2*l + 33 = -4*t - 153, 2*t + u = 3*l. Let k = t - -122. List the prime factors of k.
3, 5
Let q(y) = y - 6. Let a(j) = -2*j + 6. Let l(v) = -5*a(v) - 6*q(v). What are the prime factors of l(3)?
2, 3
Suppose 0 = 8*x - 1635 - 357. Let m = x - -33. What are the prime factors of m?
2, 3, 47
Let r(k) = 852*k**2 + 35*k + 95. List the prime factors of r(-6).
30557
Let j(s) = -55*s + 10. Let n be j(7). Let t = n + 672. What are the prime factors of t?
3, 11
What are the prime factors of ((-25)/200)/((-2)/(-16)) + (1 - -82661)?
131, 631
Suppose 3*j - 3*w + 5*w - 4712 = 0, 2*j + 3*w - 3138 = 0. Suppose -j = 5*a + 268. Let u = a - -518. List the prime factors of u.
2, 3, 5
Suppose -8*p = -12*p + 12. Let d(a) = -2*a + 5*a**2 - 3 - 6 + p*a - 4*a. List the prime factors of d(5).
101
Let b(u) = 4*u - 35. Let h be b(9). Let t be (h + 0 + -17 + -3)*-19. Suppose -3*c = -t - 233. List the prime factors of c.
2, 3, 11
Let l = -4 - -4. Let h be (4/12*l)/1. List the prime factors of 5/((-15)/6) - (-105 + h).
103
Let o(v) = 1117*v**3 - 2*v**2 + 8*v - 7. Let l be o(1). Suppose 5*t + i - l = 0, -i + 224 = -t + 2*t. List the prime factors of t.
223
Suppose -9478 = -y + b, -2*y - 2*b + 26219 = 7247. List the prime factors of y.
2, 11, 431
Suppose -429 = -7*r - 254. Let s(i) = -i**3 + 3*i**2 + 6*i - 9. Let w be s(6). Let o = r - w. What are the prime factors of o?
2, 53
Let y(j) = -1 - 8*j + 16*j - 3*j - 3. List the prime factors of y(6).
2, 13
Suppose -11*s - 46136 + 346846 = -6*s. What are the prime factors of s?
2, 30071
Let z = 439 - -292. Suppose -2801 = 5*s - z. What are the prime factors of s/(-7) - (-4)/(-28)?
59
Let u(j) = -197*j - 97*j + 69 + 254*j - 130*j. List the prime factors of u(-6).
3, 11
Suppose 181*o - 883944 - 2612252 = 0. What are the prime factors of o?
2, 11, 439
Let w be -3 + 2 + -2 + 5 + 3. Suppose 4*i = -r + 325, -i + 325 = r - w*i. Suppose r = 5*c + q, 3*c + 6*q = 3*q + 207. List the prime factors of c.
2
Suppose -7*g + 3945 = 3063. List the prime factors of (-12)/(-126) - (-248334)/g.
3, 73
Let o(t) = 152*t**2 + 269*t - 2916. List the prime factors of o(11).
3, 5, 1229
Suppose 5*c - 8*q - 11 = -10*q, -10 = 5*q. Suppose -c*p - 5*j + 1866 = 0, -47*p = -50*p + 5*j + 1896. List the prime factors of p.
3, 11, 19
Let h = 693 + 15248. List the prime factors of h.
19, 839
Suppose -5954540 = -106*x - 1113241 + 2699223. List the prime factors of x.
11, 29, 223
Suppose 554 = -2*i - 576. Let m = i + 810. Suppose -5*q + m - 30 = 0. What are the prime factors of q?
43
Let z(l) = -l**3 - 7*l**2 - 2*l - 16. Let p be z(-7). What are the prime factors of p*9/6 - (-1005)/5?
2, 3, 11
Suppose 3*z + 5*u = 3841, -4*z + 2*u + 5540 - 462 = 0. Let w = z + -810. List the prime factors of w.
2, 3, 7, 11
Suppose -13*q - 11864 = -21*q. Suppose 2*y = 3*f - 106 - q, 4*f = 3*y + 2119. List the prime factors of f.
23
Let x(q) = -105*q + 1160. What are the prime factors of x(0)?
2, 5, 29
Suppose -931*b - 1005328 = -950*b. What are the prime factors of b?
2, 3307
Let c = 966 - 1376. Let p = c + 648. List the prime factors of p.
2, 7, 17
Let n(o) = o**2 - 18*o - 21. Let a be n(19). Let t be ((-10)/(-3) + a)/(3/9). List the prime factors of (4/20)/(t/110)*10.
5, 11
Suppose -37*l - 71719 = -3*d - 42*l, 23908 = d + 2*l. What are the prime factors of d?
2, 3, 7, 569
Let v be 6/(-54) + 11792/(-144). Let z(m) = -m**3 + 4*m**2 - 3*m - 3. Let n be z(6). Let x = v - n. List the prime factors of x.
11
Suppose 10*u = 4272 + 188. Let d = u - 174. What are the prime factors of d?
2, 17
Let d(u) = 178*u**2 - 836*u - 53. List the prime factors of d(16).
3, 3571
Let g(k) = 569*k - 69. Let h be g(3). Let p = 2378 - h. List the prime factors of p.
2, 5, 37
Suppose -2*i + 18564 = q - 37544, -q + 4*i = -56090. What are the prime factors of q?
2, 28051
Let t = -38318 + 41429. What are the pr